he ten thousands digit of 42101?
4
What is the units digit of 11810?
0
What is the hundreds digit of 1096?
0
What is the tens digit of 1886?
8
What is the thousands digit of 1837?
1
What is the hundred thousands digit of 109219?
1
What is the thousands digit of 4153?
4
What is the thousands digit of 16430?
6
What is the tens digit of 25?
2
What is the tens digit of 28306?
0
What is the units digit of 50796?
6
What is the units digit of 1678?
8
What is the units digit of 1762?
2
What is the tens digit of 99156?
5
What is the tens digit of 2547?
4
What is the hundreds digit of 36058?
0
What is the tens digit of 971?
7
What is the units digit of 583?
3
What is the hundreds digit of 10061?
0
What is the tens digit of 29645?
4
What is the units digit of 153?
3
What is the ten thousands digit of 27242?
2
What is the hundreds digit of 9097?
0
What is the thousands digit of 11534?
1
What is the thousands digit of 2147?
2
What is the units digit of 8574?
4
What is the ten thousands digit of 14753?
1
What is the tens digit of 99?
9
What is the tens digit of 24005?
0
What is the hundreds digit of 7193?
1
What is the units digit of 13057?
7
What is the hundreds digit of 188?
1
What is the units digit of 18110?
0
What is the hundreds digit of 858?
8
What is the tens digit of 61694?
9
What is the ten thousands digit of 21688?
2
What is the tens digit of 8868?
6
What is the hundreds digit of 3537?
5
What is the tens digit of 4403?
0
What is the thousands digit of 11855?
1
What is the ten thousands digit of 14976?
1
What is the thousands digit of 17965?
7
What is the hundreds digit of 138023?
0
What is the tens digit of 504?
0
What is the hundreds digit of 226?
2
What is the thousands digit of 2980?
2
What is the tens digit of 867?
6
What is the hundreds digit of 5280?
2
What is the units digit of 52283?
3
What is the tens digit of 30707?
0
What is the hundreds digit of 486?
4
What is the thousands digit of 21411?
1
What is the thousands digit of 3854?
3
What is the tens digit of 5932?
3
What is the ten thousands digit of 65788?
6
What is the thousands digit of 25482?
5
What is the units digit of 4263?
3
What is the tens digit of 249?
4
What is the hundreds digit of 10173?
1
What is the units digit of 2946?
6
What is the units digit of 906?
6
What is the units digit of 2143?
3
What is the units digit of 110?
0
What is the hundreds digit of 91618?
6
What is the hundreds digit of 513?
5
What is the hundreds digit of 329?
3
What is the tens digit of 3075?
7
What is the units digit of 21?
1
What is the ten thousands digit of 17039?
1
What is the hundreds digit of 75958?
9
What is the tens digit of 1480?
8
What is the units digit of 14415?
5
What is the units digit of 3?
3
What is the ten thousands digit of 16896?
1
What is the tens digit of 3382?
8
What is the hundreds digit of 6145?
1
What is the thousands digit of 9232?
9
What is the thousands digit of 4420?
4
What is the hundreds digit of 54562?
5
What is the units digit of 36307?
7
What is the hundreds digit of 29633?
6
What is the units digit of 38686?
6
What is the ten thousands digit of 70663?
7
What is the thousands digit of 6544?
6
What is the tens digit of 25306?
0
What is the hundreds digit of 506?
5
What is the units digit of 1259?
9
What is the tens digit of 26437?
3
What is the thousands digit of 2422?
2
What is the units digit of 113?
3
What is the units digit of 2766?
6
What is the thousands digit of 3342?
3
What is the units digit of 81645?
5
What is the tens digit of 2475?
7
What is the units digit of 462?
2
What is the hundred thousands digit of 164647?
1
What is the thousands digit of 50363?
0
What is the thousands digit of 1725?
1
What is the hundreds digit of 1793?
7
What is the thousands digit of 40167?
0
What is the hundreds digit of 21793?
7
What is the hundreds digit of 104915?
9
What is the tens digit of 2017?
1
What is the thousands digit of 2692?
2
What is the thousands digit of 3286?
3
What is the hundreds digit of 7036?
0
What is the tens digit of 2470?
7
What is the tens digit of 64662?
6
What is the tens digit of 93677?
7
What is the units digit of 11490?
0
What is the hundreds digit of 343?
3
What is the tens digit of 36184?
8
What is the hundreds digit of 5520?
5
What is the thousands digit of 23420?
3
What is the units digit of 892?
2
What is the units digit of 499?
9
What is the units digit of 41049?
9
What is the hundreds digit of 64462?
4
What is the thousands digit of 1495?
1
What is the tens digit of 142805?
0
What is the units digit of 1425?
5
What is the tens digit of 20?
2
What is the thousands digit of 14194?
4
What is the tens digit of 5902?
0
What is the units digit of 1029?
9
What is the hundreds digit of 1839?
8
What is the thousands digit of 6182?
6
What is the hundreds digit of 116263?
2
What is the thousands digit of 36631?
6
What is the units digit of 937?
7
What is the hundreds digit of 445?
4
What is the thousands digit of 50948?
0
What is the tens digit of 2368?
6
What is the hundreds digit of 174?
1
What is the hundreds digit of 948?
9
What is the tens digit of 579?
7
What is the tens digit of 22900?
0
What is the thousands digit of 22806?
2
What is the hundreds digit of 499?
4
What is the thousands digit of 3052?
3
What is the hundreds digit of 2796?
7
What is the units digit of 8427?
7
What is the tens digit of 461?
6
What is the tens digit of 1852?
5
What is the hundreds digit of 28071?
0
What is the units digit of 437?
7
What is the hundreds digit of 81157?
1
What is the units digit of 1797?
7
What is the thousands digit of 1447?
1
What is the hundreds digit of 1807?
8
What is the tens digit of 40541?
4
What is the hundreds digit of 757?
7
What is the units digit of 3951?
1
What is the thousands digit of 13839?
3
What is the hundreds digit of 163?
1
What is the units digit of 6163?
3
What is the hundreds digit of 3233?
2
What is the thousands digit of 46179?
6
What is the tens digit of 30975?
7
What is the units digit of 1970?
0
What is the units digit of 6474?
4
What is the tens digit of 62505?
0
What is the units digit of 3156?
6
What is the tens digit of 291?
9
What is the tens digit of 166?
6
What is the thousands digit of 61221?
1
What is the tens digit of 2723?
2
What is the thousands digit of 97401?
7
What is the units digit of 904?
4
What is the ten thousands digit of 10425?
1
What is the units digit of 48280?
0
What is the units digit of 1278?
8
What is the units digit of 1250?
0
What is the tens digit of 42206?
0
What is the units digit of 4071?
1
What is the hundreds digit of 26327?
3
What is the hundreds digit of 4432?
4
What is the hundred thousands digit of 161572?
1
What is the tens digit of 2456?
5
What is the tens digit of 8993?
9
What is the tens digit of 113538?
3
What is the tens digit of 9235?
3
What is the hundreds digit of 13168?
1
What is the units digit of 62004?
4
What is the tens digit of 7163?
6
What is the tens digit of 2384?
8
What is the tens digit of 2559?
5
What is the thousands digit of 86849?
6
What is the hundreds digit of 155?
1
What is the tens digit of 5468?
6
What is the units digit of 292?
2
What is the tens digit of 6968?
6
What is the units digit of 3691?
1
What is the units digit of 36114?
4
What is the tens digit of 95109?
0
What is the tens digit of 4850?
5
What is the tens digit of 1762?
6
What is the tens digit of 546?
4
What is the tens digit of 6630?
3
What is the hundreds digit of 139426?
4
What is the units digit of 93?
3
What is the tens digit of 2120?
2
What is the tens digit of 22009?
0
What is the thousands digit of 1805?
1
What is the tens digit of 6979?
7
What is the tens digit of 62247?
4
What is the ten thousands digit of 68224?
6
What is the thousands digit of 1906?
1
What is the thousands digit of 25356?
5
What is the thousands digit of 68721?
8
What is the tens digit of 100715?
1
What is the hundreds digit of 69183?
1
What is the tens digit of 740?
4
What is the hundreds digit of 1031?
0
What is the tens digit of 3298?
9
What is the hundreds digit of 929?
9
What is the tens digit of 60934?
3
What is the hundreds digit of 2930?
9
What is the hundreds digit of 6181?
1
What is the units digit of 176?
6
What is the units digit of 22018?
8
What is the thousands digit of 126724?
6
What is the